 factor of x and 143?
13
Let v be ((-24)/15)/(2/10). Let c be (-4)/(-1)*10/v. Let r be (-62)/(-10) + 1/c. What is the highest common factor of 12 and r?
6
Suppose -1 = 3*w - 109. Calculate the highest common factor of w and 288.
36
Suppose -12*k + 14*k = 220. What is the greatest common divisor of k and 22?
22
Suppose 0 = 7*a - 4 - 52. Let j(x) = 6*x**2 + x + x - 3 + 4*x**3 - 5*x**3. Let g be j(5). What is the greatest common divisor of a and g?
8
Suppose 30 = 6*z - z. What is the highest common divisor of 48 and z?
6
Let q(j) be the third derivative of j**5/30 + 5*j**4/24 + 8*j**2. Let s be q(-7). Calculate the greatest common divisor of 7 and s.
7
Suppose -3*n = -6 - 0. Let i = n - 5. Let y be -1*(i + 2)*54. What is the highest common factor of 6 and y?
6
Let g = 4 - 2. Let r be (33/12 - g)*36. What is the greatest common factor of r and 18?
9
Let l = -70 - -126. Calculate the highest common factor of l and 7.
7
Let n(o) = 2*o**3 + 4*o**2 + 2. Let s be n(-3). Let y = s + 106. Let k = 21 - 11. Calculate the greatest common factor of y and k.
10
Let b = 62 + -53. Let g be (-2)/4*-12*1. What is the greatest common factor of b and g?
3
Let v be (4/(-3))/(6/(-360)). Calculate the highest common divisor of 10 and v.
10
Let g = -31 - 262. Let b = g + 189. Let o be 6/27 + b/(-18). Calculate the highest common divisor of 12 and o.
6
Suppose 5*c = -3*t + 39, 3*c + 3*t - 5 = 16. Let n = c + 3. Calculate the greatest common factor of 84 and n.
12
Let j = -16 - -25. Let m be -2 + j/3 - 19. Let b = 54 + m. What is the highest common factor of 9 and b?
9
Let u be (-6)/(-33)*-1 - (-303)/33. What is the greatest common divisor of 117 and u?
9
Suppose 4*l + 10 = x, -5*l - 3 - 2 = 0. Let p(q) = q**3 - 4*q**2 - 4*q. Let i be p(x). Suppose y - i = -y. Calculate the greatest common factor of 8 and y.
8
Let h = -11 - -16. Let r(b) = b**3 + b**2 - 2*b + 1. Let q be r(-2). Suppose h*w + 16 = s, s - q = -w - 3. Calculate the highest common divisor of s and 9.
1
Let b = 25 - 12. Suppose a + f + 2*f - 28 = 0, 5*a = 5*f + 40. What is the highest common factor of a and b?
13
Let g(v) = -4*v - 2. Let k be g(-2). Calculate the highest common factor of 6 and k.
6
Let t be 230/18 - 14/(-63). Let j = t + 10. Calculate the highest common divisor of 115 and j.
23
Let i be (-85)/(-30) + 1/6. Suppose -5*j + i*j = -30. What is the greatest common divisor of 105 and j?
15
Let o be (1 + -2)/(1/(-16)). Suppose -4*v = -5*v - f, 0 = 5*v + 2*f + 9. Let x be (8/v - -2)*-3. What is the greatest common divisor of o and x?
2
Suppose -5*y + 8 = 2*n - 4*n, 7 = 5*y - 3*n. Let d = 47 - y. What is the highest common divisor of 5 and d?
5
Let i(s) = 2*s**2 + s - 6. Let k be i(-4). What is the highest common factor of k and 176?
22
Suppose -3*p = -0 - 9. Suppose -p*i + 7*i - 88 = 0. Suppose -8 = r + 3*r - 4*x, 14 = 3*r + 2*x. What is the greatest common factor of r and i?
2
Suppose -u + 213 = d + 4*d, -189 = -u + 3*d. Calculate the highest common factor of u and 18.
18
Let d = 10 - -48. Let u(m) = 86*m**2 + 2*m - 1. Let n be u(1). What is the greatest common divisor of n and d?
29
Let n = 6 - 10. Let b = n - -16. What is the greatest common divisor of 30 and b?
6
Suppose 4*l - 4*w = w + 21, l = -4*w. Let a(i) = i**2 - 5*i + 6. Let q be a(l). Suppose 0 = -0*m + q*m - 16. What is the greatest common factor of m and 56?
8
Suppose -z = 4*z - i - 37, 4*z - 2*i - 26 = 0. Let c be (0 + 10)/(z/192). Calculate the highest common divisor of 30 and c.
30
Let d be (-23)/(-7) + 10/(-35). Suppose -2*t + d*t = 9. Calculate the highest common factor of t and 72.
9
Let p(g) = 10*g + 2. Let l be p(2). Let x be l/4*(-30)/5. Let f = 69 + x. What is the highest common factor of 24 and f?
12
Let t = 3 + -8. Let c = t + 9. Suppose 0*z = c*z - 92. Calculate the greatest common divisor of 161 and z.
23
Let z = -17 - -11. Let v = z - -9. Suppose 3*d = 5*d + v*q - 63, d - q - 24 = 0. What is the greatest common factor of 9 and d?
9
Let a be (-3)/((0 + -2)/2). Suppose -a*y - 8 = -4*y. Let q(n) = n**3 + 9*n**2 + 6*n - 8. Let g be q(-6). Calculate the greatest common factor of g and y.
8
Let m = 220 + -178. What is the greatest common factor of m and 56?
14
Let s be 0 + (-4 - (-2 + (-12 - 1))). What is the greatest common factor of 77 and s?
11
Let n = 7 + -4. Let u = 17 - 15. Calculate the highest common divisor of u and n.
1
Let a be -3 - -156 - (1 + -1). What is the highest common factor of a and 17?
17
Let g(x) = x**3 + 6*x**2 + 2*x - 6. Let v = -3 + -3. Let p be g(v). Let i be p/(-81) - (-61)/9. What is the greatest common factor of i and 21?
7
Suppose 4*c = 4*u - 4, u - 8 = -4*c + 13. Let n be 83 + 5/(u/2). Calculate the highest common factor of n and 17.
17
Suppose 5*u - u - c = 91, -3*u = -5*c - 81. Calculate the highest common divisor of u and 11.
11
Suppose 15 = -3*o + 51. Suppose 0 = 2*d - 5*c - 221, -4*c + c - 435 = -4*d. Calculate the highest common divisor of o and d.
12
Let b(d) = -3*d - 6. Let v be b(-6). Suppose a + 7 = -v. Let y = 26 - a. Calculate the highest common factor of y and 5.
5
Suppose -5*y = 4*d - 42, 4*y - 10 = -y. Let s(o) = -37*o - 2. Let g be s(-2). Let p = g + -48. Calculate the greatest common divisor of p and d.
8
Suppose 15*t + 11 = 20*t + 2*y, -4*y = -2*t + 14. Suppose i = -3*v + 6, -36 - 38 = -4*i - 2*v. What is the greatest common factor of i and t?
3
Let z = -1 + 1. Suppose 0 = -4*q - 3*b + 3, q + z + 2 = 2*b. Let i be 10 - (q - 3)/(-3). What is the greatest common divisor of 72 and i?
9
Let x(v) = v**3 + 4*v**2 - 7*v - 2. Let b be x(-6). Let g = 111 + -40. Let k = g + b. Calculate the greatest common divisor of 26 and k.
13
Let k = 192 + -127. What is the greatest common divisor of 13 and k?
13
Let k(q) = q**3 + 7*q**2 + 5*q + 11. Let m be k(-6). What is the highest common factor of m and 119?
17
Let g be 84/56 - 170/(-4). Calculate the highest common divisor of 110 and g.
22
Let h = -29 + 204. Calculate the highest common factor of h and 70.
35
Suppose 0 = -4*y + 552 + 636. Calculate the highest common factor of 27 and y.
27
Let f = 144 - 79. Let b = -38 + f. Suppose -3*s + 8 = -1. Calculate the highest common factor of s and b.
3
Suppose 0 = 3*j + c, j = -2*j + 2*c. Suppose -3*g + 112 + 32 = j. Suppose 2*a + 8 = 0, 4*q + 0*a = -2*a + g. Calculate the greatest common factor of 28 and q.
14
Suppose 195 = 4*a - a. What is the greatest common divisor of a and 26?
13
Suppose -10*w + 176 + 54 = 0. Calculate the highest common factor of w and 69.
23
Let m(k) = 6*k + 1. Let s(h) = -3*h - 1. Let v(n) = 2*m(n) + 5*s(n). Suppose -6*q + q - 25 = 0. Let o be v(q). Calculate the greatest common factor of 84 and o.
12
Let j(a) = 12*a - 24. Let y be j(4). What is the greatest common factor of 6 and y?
6
Suppose 5*a - 14 = -4*l, 0 = 3*a - 0*l + l - 14. Let t be -1 + 2 + 24/3. What is the highest common factor of a and t?
3
Suppose p = -4*y + 21, -5*y = -10 - 15. Calculate the highest common divisor of 1 and p.
1
Let c(t) = -t - 3. Let p(y) = 6*y + 16. Let u(i) = -22*c(i) - 4*p(i). Let v be u(-5). What is the greatest common divisor of 6 and v?
6
Let z = -40 + 121. What is the highest common divisor of z and 54?
27
Suppose -5*h + 2*h + 30 = 0. Let d be (-1)/2 + (-4)/(-8). Suppose 0*o + 4*o - 8 = d. What is the greatest common divisor of o and h?
2
Let q = 4 - -14. Suppose -q = -2*t - x - 0*x, -5*x - 10 = 0. Let s be 24/t*(-15)/(-2). What is the highest common divisor of s and 12?
6
Suppose 3*p + 3*d - 9 = 21, 0 = 3*p - 3*d. Suppose -2*s - p = -23. Let j = 76 + -40. Calculate the highest common factor of j and s.
9
Let b(m) = -4*m. Let w be b(-3). Calculate the highest common factor of w and 2.
2
Let q(t) = -t**2 - 6*t - 6. Let h be q(-4). Suppose -4*g = -h*d + 6*d + 8, -d - 1 = 0. Let s be g/3 + (-10)/(-3). What is the highest common divisor of 9 and s?
3
Let n = -130 - -368. Calculate the highest common factor of n and 34.
34
Let d(g) = 4*g**2 + 2*g + g**3 - 2*g**2 - g - 4 - g**2. Let v be d(4). What is the highest common divisor of 8 and v?
8
Let s = 15 - 9. What is the highest common divisor of s and 42?
6
Let a be 2 + 2*-1 - -2. Suppose 14 = f + a. What is the greatest common factor of 12 and f?
12
Suppose 4*d = 5*d - 21. Calculate the greatest common factor of 21 and d.
21
Let t(l) = 9*l**2 